?
4
Let u = 52 - -40. Suppose 5*x - 3*r - u = 0, -6*x + 3*x = 3*r - 60. Let a = x - -2. What is the units digit of a?
1
Let n(g) = -g + 1. Let f be n(-2). Suppose 4*h + z - 157 = -h, 0 = f*h + z - 95. Suppose 2*b - 49 = h. What is the units digit of b?
0
Let s(u) = -3*u + 1. Let q be s(-1). Suppose -5*l - 14 = -3*g, -4*g + 0*g + 30 = -l. What is the tens digit of 90/q - (-12)/g?
2
Suppose 6185 = 5*c - 4*l, 0*c - 4*c + 4937 = -l. What is the hundreds digit of c?
2
Let j(w) = 4 - 3 + 4*w - 3 + 9*w - w**2. What is the units digit of j(7)?
0
Let k = -10 - -16. What is the units digit of (k + 15)/(2/6)?
3
Let q(g) = 7*g**3 - 11*g**2 - 8*g - 17. What is the hundreds digit of q(5)?
5
Suppose 5*i = 2*o - 33, -2*i - 14 = -o - 0*i. Suppose -o*l = 4*g - 796, 5*g = 2*l + l - 557. What is the tens digit of l?
9
Let l(u) = -u + 7. Let r(g) = -2*g + 14. Let q(p) = 13*l(p) - 6*r(p). Let i be q(7). Suppose i = -a + 6*a - 65. What is the units digit of a?
3
Suppose -9262 = -5*d - 5*u + 9123, -u = -5*d + 18415. What is the thousands digit of d?
3
Suppose 5*o + 18 = j - 5, 0 = 3*o + 12. Suppose -n = -j*n + 168. Let a = 122 - n. What is the tens digit of a?
3
Suppose 4*v - 1392 = v + d, 2*d = -6. What is the units digit of v?
3
Let s = -27 + 41. What is the tens digit of s?
1
Suppose 126 + 93 = 3*o. Let l = o - 22. What is the tens digit of l?
5
Let z = 22 + -28. Let x be ((-2)/4)/(1/z). Suppose -2*s = d - 19, x*s + 56 = 5*d - 0*s. What is the tens digit of d?
1
Let d be 28/35*(-10)/(-4). Suppose 3*x - d*x - 5 = 0. Suppose -2*o = -x*i - 36, o + 60 = 3*o + i. What is the units digit of o?
8
Suppose 0 = -9*d - 362 - 907. Let v = d - -247. What is the tens digit of v?
0
Suppose -4*t + 5*t - 5*k + 23 = 0, 0 = 5*t + 3*k - 25. Suppose 3*n - 34 = 4*y, -t*n + 4*y + 6 = -14. What is the tens digit of n?
1
Let m = 31 + -27. Suppose -3*y - m*j - 2 = 0, -4*j - 9 = -2*y + 3. What is the units digit of y?
2
Let w = -229 + 371. Suppose 4*a - 148 = -4*n, -2*n - w = -4*a - 3*n. Suppose -3*i - a = -2*h, 2*h = 3*h - 5*i - 35. What is the units digit of h?
0
What is the tens digit of (3 - 0) + ((-5544)/(-2) - 4)?
7
Suppose q - 1033 = -2*f + 350, f + 4*q - 681 = 0. What is the units digit of f?
3
Let q(t) = -t**3 + t**2 + t - 11. Let o be q(0). Let u(j) = -5*j + 25. Let v(z) = -7*z + 25. Let k(l) = 4*u(l) - 3*v(l). What is the units digit of k(o)?
4
Let k = -1538 + 2799. What is the tens digit of k?
6
Let u(p) = p**2 + 3*p - 2. Let g be u(-5). Let r be 16/g + -1*6. Let t(c) = c**3 + 6*c**2 + 5*c + 2. What is the units digit of t(r)?
4
Let g(c) = -3*c**3 + 15*c**2 - 11*c - 22. Let d(o) = -13*o**3 + 61*o**2 - 44*o - 88. Let z(f) = 2*d(f) - 9*g(f). What is the tens digit of z(12)?
1
Let z(b) = b**3 - 12*b**2 + 12*b - 3. Let x = 24 + -13. Let o be z(x). Let t(l) = 5*l - 5. What is the units digit of t(o)?
5
What is the thousands digit of 665*((-3)/2)/((-20)/56)?
2
Suppose 12 = -0*i + 6*i. Let s(v) = v**i - 4 + 14 - 7. What is the units digit of s(-4)?
9
Let z be -1 - 0*1/(-4). Let k be 10 - (-1 - 2)*z. Suppose 0 = -5*g + k*g - 20. What is the tens digit of g?
1
Let s(a) = -a**3 + 2*a**2 + a - 1. Let z be s(1). Let f(y) = 58*y - 5. What is the tens digit of f(z)?
5
Suppose 7*p - 626 + 73 = 0. Suppose x + 0*x - 11 = -4*n, 0 = n - 3*x + 7. Suppose a + n = 0, 4*w + 5*a - p = 35. What is the tens digit of w?
3
Suppose 0 = -4*h - 0*h + 408. Suppose -m + 0*m = -2, -h = -4*n - 3*m. What is the units digit of n?
4
Let m(n) = 12*n + 6. Let j be m(-6). What is the units digit of (j/(-4) + -3)/(2/12)?
1
Suppose -3*q - 5*z - 16 = 2, -5*z = 15. Let y be ((-36)/(-48))/(q/4). Let v = y - -37. What is the tens digit of v?
3
Let a = 110 + -110. Suppose -16*r + 22*r - 396 = a. What is the tens digit of r?
6
What is the tens digit of -106*(2/(-4))/((-12)/(-744))?
8
What is the units digit of (-191856)/(-63) + (-4 - 10/(-6))?
3
Let g = -843 - -1229. What is the hundreds digit of g?
3
Let j = 83 - 43. Suppose -45 - j = -4*y + 5*c, 2*c + 19 = y. Let v = -19 + y. What is the units digit of v?
6
What is the hundreds digit of (-1*(1 - -238))/(9/(-45))?
1
Suppose 0 = -22*d + 7*d - 135. Let b(h) = h**3 + 8*h**2 - 10*h + 6. What is the units digit of b(d)?
5
Suppose 53 = 3*s - 5*v + 4, -4*s = -3*v - 47. Suppose 11*f - 114 = s*f. Suppose 0 = a + a - 3*r - f, -5*a = -2*r - 73. What is the tens digit of a?
1
Suppose -11*s + 9*s = -20. Let b = 60 + s. What is the tens digit of b?
7
Suppose 11*u - 2 - 3166 = 0. What is the hundreds digit of u?
2
Suppose -h = 4*r - 6*r + 241, 0 = 5*r + h - 620. What is the units digit of r?
3
Let w = -20 + 25. Suppose w = -d, 0 = -b - d + 11. Let m = b + 48. What is the tens digit of m?
6
Let s = 98 - 84. Suppose 0*o - 1442 = -s*o. What is the units digit of o?
3
Suppose 2*r + t + 3*t - 450 = 0, -3*t + 3 = 0. Suppose -2*o + 33 + r = 0. What is the units digit of o?
8
Suppose 3*q = 7*a - 3*a - 1334, q = -4*a + 1326. What is the tens digit of a?
3
Let q(l) = -l**3 + 17*l**2 + 60*l - 21. Let b be q(21). Let w = 738 + b. What is the tens digit of w?
1
Suppose 2*y = -5*y + 245. Let u = y + -33. What is the units digit of u?
2
Suppose -k = 5*f - 7*f - 1910, f = 0. What is the units digit of k?
0
Suppose -54*h + 64438 = -81362. What is the thousands digit of h?
2
Suppose -14*p + 3*m - 4088 = -16*p, p + 4*m = 2044. What is the hundreds digit of p?
0
Suppose 2*c = -5*r - 2*c + 28, -3*c - 14 = -5*r. Let t be r*(-93)/(-6) + 0. Suppose -5*d + t = -3*d. What is the units digit of d?
1
What is the tens digit of (-9424)/(-10) - 329/235?
4
Let h(m) = -m + 8. Let d be h(8). Suppose -2*r - 1 - 9 = d. Let v = r - -12. What is the units digit of v?
7
Let b(z) = -z**2 + 18*z + 4. Let c be b(18). Suppose -c*x - 9 = 19. What is the tens digit of x*-3*(-28)/(-12)?
4
Let m(f) = 13*f + 82. What is the tens digit of m(-5)?
1
Let d(o) = -o - 7. Let f be d(-7). Suppose -6*p - 2*x + 44 = -p, f = -5*p + 5*x + 30. What is the units digit of (p/(-20))/(3/(-360))?
8
Suppose 9 + 3 = -6*c. What is the units digit of (c/3)/(4/(-30))?
5
Let j(f) = -f**3 - 18*f**2 - 24*f + 9. Let h(i) = -3*i**3 - 55*i**2 - 73*i + 28. Let y(x) = -3*h(x) + 8*j(x). What is the units digit of y(-19)?
7
What is the units digit of ((-8)/12 + 0)*(-141 + 0)?
4
Let t(j) = 12*j + 10. Let g(y) be the second derivative of -y**3/3 - 4*y**2 - 10*y. Let f be g(-6). What is the tens digit of t(f)?
5
Let y = 5225 - 3352. What is the units digit of y?
3
Let g = -43 - -53. Suppose -g = 5*y, -2*f + 58 = 5*y - 132. What is the tens digit of f?
0
Suppose -5*j + 45 = 3*t - 4*t, 3*t = 15. Suppose -5*m - 3*z + 130 = 0, 2*z - j = -m + 23. Suppose m - 1 = 2*o. What is the tens digit of o?
1
Suppose 5*h - 38 = 2*p - 6*p, 5*p - 29 = 3*h. What is the tens digit of 2716/49 + (-3)/p?
5
Suppose -3*z + 63480 = -5*z. What is the hundreds digit of (-4)/(-14) + z/(-140)?
2
Let m(s) = 6*s**3 - 4*s**2 + 14*s + 15. What is the tens digit of m(4)?
9
Let m(g) = 5*g**2 + 9*g + 14. Let h(p) = p**3 - 9*p**2 - 21*p - 16. Let v be h(11). What is the tens digit of m(v)?
9
Suppose -14*f + 10*f + 1656 = 0. What is the hundreds digit of f?
4
Let m(i) = -i**3 - 6*i**2 + 6. Let c be m(-6). Suppose -2*d = 10 - c. Let x(f) = -3*f - 3. What is the units digit of x(d)?
3
Let x = -6 + 2. Let s = x - -5. What is the units digit of 5/s - (-2 - -1)?
6
Suppose 3*p - 9838 = 4*j, 3288 = p - 11*j + 14*j. What is the tens digit of p?
8
Let y(l) = 175*l**2 - 4*l. Let o(g) = 174*g**2 - 3*g. Let j(a) = 3*o(a) - 2*y(a). What is the tens digit of j(-1)?
7
Let o be (1 + 0)*(-4)/(20/(-85)). Suppose -5*p - q + 84 = 0, -5*p + 89 = -2*q + o. What is the tens digit of p?
1
Let p be ((-6)/8)/((-4)/32). What is the units digit of p/(-8)*((-2 - -3) + -37)?
7
Let d = -3 - -7. Suppose 25*p - 84 - 16 = 0. Suppose -y + 2 = -4*s - 1, d*y - p*s = 48. What is the units digit of y?
5
Let m(b) = -b**2 + 4*b + 5. Let q be m(4). Let w = 23 - q. Let f = w - -21. What is the tens digit of f?
3
Let p be (2 - 3)*513/(-3). Suppose k = 5*h - 0*k - p, 4*h - 124 = 4*k. What is the tens digit of h?
3
Let c be ((-4)/(4/(-5)))/5. What is the tens digit of c/(-1) + (-440)/(-11)?
3
Let o(m) = 1 - m**2 + 6*m**2 + 3*m - m. Let s be o(2). Suppose 2*c - 19 - s = -l, -4*c = -5*l - 60. What is the units digit of c?
0
What is the hundreds digit of 